{"id":4742,"date":"2020-08-17T22:54:41","date_gmt":"2020-08-17T21:54:41","guid":{"rendered":"http:\/\/canaltic.com\/blog\/?page_id=4742"},"modified":"2020-08-17T22:54:53","modified_gmt":"2020-08-17T21:54:53","slug":"pi-03-openboard-diseno-de-recursos-para-pdi-y-pim","status":"publish","type":"page","link":"https:\/\/canaltic.com\/blog\/?page_id=4742","title":{"rendered":"PI-03. OpenBoard: dise\u00f1o de recursos para PDI y PIM"},"content":{"rendered":"<div class=\"mg-blog-category\"><a class=\"newsup-categories category-color-1\" href=\"http:\/\/canaltic.com\/blog\/?page_id=3853\">Cat\u00e1logo de formaciones<\/a>\u00a0<a class=\"newsup-categories category-color-1\" href=\"http:\/\/canaltic.com\/blog\/?page_id=3880\">PI \u2013 Plasmas interactivos<\/a> <a class=\"newsup-categories category-color-1\" href=\"#\">PI-03. OpenBoard: dise\u00f1o de recursos para PDI y PIM<\/a><\/div>\n<hr \/>\n<p><img loading=\"lazy\" decoding=\"async\" class=\"alignnone size-full wp-image-4743\" src=\"http:\/\/canaltic.com\/blog\/wp-content\/uploads\/2020\/08\/pi03.jpg\" alt=\"\" width=\"720\" height=\"340\" srcset=\"https:\/\/canaltic.com\/blog\/wp-content\/uploads\/2020\/08\/pi03.jpg 720w, https:\/\/canaltic.com\/blog\/wp-content\/uploads\/2020\/08\/pi03-300x142.jpg 300w\" sizes=\"auto, (max-width: 720px) 100vw, 720px\" \/><\/p>\n<h4>Descripci\u00f3n<\/h4>\n<p>La Pizarra Digital Interactiva (PDI) o el Plasma Interactivo Multit\u00e1ctil (PIM) son dispositivos que han irrumpido con fuerza en las aulas digitales. En poco tiempo se han convertido en el exponente estrella de la innovaci\u00f3n en el uso educativo de las TIC. No obstante en muchos casos se emplean para proyectar desperdiciando las prestaciones interactivas. En este taller se propone utilizar el software libre <strong>Open Board<\/strong> para dise\u00f1ar libros interactivos que integran todo tipo de materiales digitales: im\u00e1genes, documentos, audios, v\u00eddeos animaciones, etc. Se ha elegido este programa por tratarse de una herramienta libre, gratuita, universal y compatible con todos los modelos de PDI y PIM. Es una soluci\u00f3n com\u00fan que resuelve la dispersi\u00f3n de modelos y programas espec\u00edficos para el dise\u00f1o de recursos para estos dispositivos que existe actualmente en los centros educativos.<\/p>\n<h4>Objetivos<\/h4>\n<ol>\n<li>Conocer y dominar los procedimientos b\u00e1sicos de creaci\u00f3n de recursos para PDI-PIM con el programa Open Board<\/li>\n<li>Utilizar el modo pizarra para crear anotaciones caligr\u00e1ficas como apoyo a una explicaci\u00f3n o resoluci\u00f3n de ejercicios.<\/li>\n<li>Aplicar las prestaciones del modo web para navegar por Internet, realizar capturas, usar el teclado en pantalla, etc.<\/li>\n<li>Manejar el modo escritorio para integrar los recursos de otros programas instalados en el equipo.<\/li>\n<li>Realizar una captura de v\u00eddeo de un desarrollo o proceso generado con el software.<\/li>\n<li>Crear un libro digital utilizando im\u00e1genes, textos, formas geom\u00e9tricas, audios, v\u00eddeos y animaciones.<\/li>\n<li>Usar las aplicaciones incorporadas para realizar distintas tareas en clase: calculadora, comp\u00e1s, transportador, regla, etc.<\/li>\n<li>Dise\u00f1ar un libro digital incorporando las interactividades configurables: memory, arrastrar\/colocar, ordenar, seleccionar, colecci\u00f3n, etc.<\/li>\n<\/ol>\n<h4>Contenidos<\/h4>\n<ul>\n<li>OpenBoard. Caracter\u00edsticas. Descarga e instalaci\u00f3n.<\/li>\n<li>La interfaz de OpenBoard: barra de herramientas, panel de metadatos, panel de diapositivas, panel flotante, modos de trabajo y biblioteca de recursos.<\/li>\n<li>Dise\u00f1o de recursos: Clasificar formas (formas geom\u00e9tricas). Dom\u00e9sticos y salvajes (im\u00e1genes de la galer\u00eda). Mi mascota (im\u00e1genes copiadas). Anatom\u00eda de una flor (im\u00e1genes integradas). Completar los dibujos (im\u00e1genes importadas). Ficha de Lengua (documento PDF de una p\u00e1gina). Seguir el trazo (documento de texto). Energ\u00eda e\u00f3lica (animaci\u00f3n flash y v\u00eddeo). Sombras (im\u00e1genes interactivas). Trazados geom\u00e9tricos (aplicaciones). Escuchando a Beethoven (audio MP3). Lanzarote (aplicaciones web). Sonidos de animales (interacci\u00f3n asociar al audio). Memory de personas (interacci\u00f3n memory). Reciclaje (interacci\u00f3n clasificar im\u00e1genes). Grabaci\u00f3n de v\u00eddeo (explicaci\u00f3n).<\/li>\n<\/ul>\n<p><strong>Destinatarios<\/strong><\/p>\n<ul>\n<li><span style=\"font-weight: 400;\">Profesorado de Infantil, Primaria, Secundaria, Bachillerato y Formaci\u00f3n Profesional.<\/span><\/li>\n<\/ul>\n<h4>Duraci\u00f3n<\/h4>\n<ul>\n<li>3 horas.<\/li>\n<\/ul>\n<h4>Formato<\/h4>\n<ul>\n<li style=\"font-weight: 400;\">Taller presencial.<\/li>\n<\/ul>\n<hr \/>\n<div class=\"mg-blog-category\"><a class=\"newsup-categories category-color-1\" href=\"http:\/\/canaltic.com\/blog\/?page_id=3853\">Cat\u00e1logo de formaciones<\/a>\u00a0<a class=\"newsup-categories category-color-1\" href=\"http:\/\/canaltic.com\/blog\/?page_id=3880\">PI \u2013 Plasmas interactivos<\/a> <a class=\"newsup-categories category-color-1\" href=\"#\">PI-03. OpenBoard: dise\u00f1o de recursos para PDI y PIM<\/a><\/div>\n","protected":false},"excerpt":{"rendered":"<p>Cat\u00e1logo de formaciones\u00a0PI \u2013 Plasmas interactivos PI-03. OpenBoard: dise\u00f1o de recursos para PDI y PIM Descripci\u00f3n La Pizarra Digital Interactiva (PDI) o el Plasma Interactivo Multit\u00e1ctil (PIM) son dispositivos que han irrumpido con fuerza en las aulas digitales. En poco tiempo se han convertido en el exponente estrella de la innovaci\u00f3n en el uso educativo [&hellip;]<\/p>\n","protected":false},"author":1,"featured_media":0,"parent":3880,"menu_order":0,"comment_status":"closed","ping_status":"closed","template":"","meta":{"footnotes":""},"class_list":["post-4742","page","type-page","status-publish","hentry"],"_links":{"self":[{"href":"https:\/\/canaltic.com\/blog\/index.php?rest_route=\/wp\/v2\/pages\/4742","targetHints":{"allow":["GET"]}}],"collection":[{"href":"https:\/\/canaltic.com\/blog\/index.php?rest_route=\/wp\/v2\/pages"}],"about":[{"href":"https:\/\/canaltic.com\/blog\/index.php?rest_route=\/wp\/v2\/types\/page"}],"author":[{"embeddable":true,"href":"https:\/\/canaltic.com\/blog\/index.php?rest_route=\/wp\/v2\/users\/1"}],"replies":[{"embeddable":true,"href":"https:\/\/canaltic.com\/blog\/index.php?rest_route=%2Fwp%2Fv2%2Fcomments&post=4742"}],"version-history":[{"count":1,"href":"https:\/\/canaltic.com\/blog\/index.php?rest_route=\/wp\/v2\/pages\/4742\/revisions"}],"predecessor-version":[{"id":4744,"href":"https:\/\/canaltic.com\/blog\/index.php?rest_route=\/wp\/v2\/pages\/4742\/revisions\/4744"}],"up":[{"embeddable":true,"href":"https:\/\/canaltic.com\/blog\/index.php?rest_route=\/wp\/v2\/pages\/3880"}],"wp:attachment":[{"href":"https:\/\/canaltic.com\/blog\/index.php?rest_route=%2Fwp%2Fv2%2Fmedia&parent=4742"}],"curies":[{"name":"wp","href":"https:\/\/api.w.org\/{rel}","templated":true}]}}