{"id":4586,"date":"2020-08-17T10:29:39","date_gmt":"2020-08-17T09:29:39","guid":{"rendered":"http:\/\/canaltic.com\/blog\/?page_id=4586"},"modified":"2020-08-17T10:29:39","modified_gmt":"2020-08-17T09:29:39","slug":"oe-06-idoceo-aplicacion-para-el-seguimiento-tutorial-del-alumnado","status":"publish","type":"page","link":"https:\/\/canaltic.com\/blog\/?page_id=4586","title":{"rendered":"OE-06. IDOCEO: aplicaci\u00f3n para el seguimiento tutorial del alumnado"},"content":{"rendered":"<div class=\"mg-blog-category\"><a class=\"newsup-categories category-color-1\" href=\"http:\/\/canaltic.com\/blog\/?page_id=3853\">Cat\u00e1logo de formaciones<\/a>\u00a0<a class=\"newsup-categories category-color-1\" href=\"http:\/\/canaltic.com\/blog\/?page_id=3882\">OE \u2013 Organizaci\u00f3n y Evaluaci\u00f3n<\/a> <a class=\"newsup-categories category-color-1\" href=\"#\">OE-06. IDOCEO: aplicaci\u00f3n para el seguimiento tutorial del alumnado<\/a><\/div>\n<hr \/>\n<p><img loading=\"lazy\" decoding=\"async\" class=\"alignnone size-full wp-image-4587\" src=\"http:\/\/canaltic.com\/blog\/wp-content\/uploads\/2020\/08\/oe06.jpg\" alt=\"\" width=\"720\" height=\"340\" srcset=\"https:\/\/canaltic.com\/blog\/wp-content\/uploads\/2020\/08\/oe06.jpg 720w, https:\/\/canaltic.com\/blog\/wp-content\/uploads\/2020\/08\/oe06-300x142.jpg 300w\" sizes=\"auto, (max-width: 720px) 100vw, 720px\" \/><\/p>\n<h4>Descripci\u00f3n<\/h4>\n<p>Esta formaci\u00f3n est\u00e1 pensada para iniciar al profesorado en las m\u00faltiples utilidades de la app iDoceo. Se trata de un cuaderno de notas para dispositivos iPad y de una potente y completa herramienta de seguimiento acad\u00e9mico de nuestro alumnado que facilita muchas de sus tareas.<\/p>\n<h4>Objetivos<\/h4>\n<ol>\n<li>Conocer y valorar las prestaciones de iDoceo para el seguimiento acad\u00e9mico del alumnado.<\/li>\n<li>Gestionar de una forma \u00e1gil las anotaciones b\u00e1sicas realizadas en clase como doce<\/li>\n<\/ol>\n<h4>Contenidos<\/h4>\n<ul>\n<li>Qu\u00e9 es IDOCEO. Caracter\u00edsticas y requisitos.<\/li>\n<li>Introduciendo notas. Crear clases, pesta\u00f1as y columnas. Organizar el cuaderno: mover columnas, alumnos y pesta\u00f1as.<\/li>\n<li>El editor de celdas. Tipos de celdas. Editor r\u00e1pido. Editor de columna. Anotaciones en una celda. Copiar el contenido entre celdas.<\/li>\n<li>Gesti\u00f3n de alumnado. A\u00f1adir alumnado. Asignar fotos autom\u00e1tica y manualmente. Mover alumnado entre clases. Informe del alumno. Cambiar orden del alumnado. A\u00f1adir campos personalizados a la ficha del alumno.<\/li>\n<li>C\u00e1lculos. Medias aritm\u00e9ticas y ponderadas. Redondeo. R\u00fabricas. Tipos de nota. Conversi\u00f3n de notas. F\u00f3rmulas. Ejemplos de notas.<\/li>\n<li>Asistencia. Funciones de asistencia. Exportar datos de asistencia. Valoraci\u00f3n de asistencia.<\/li>\n<li>Informes. Exportar datos del alumnado.El informe del alumnado. El generador de informes.<\/li>\n<li>Planificaci\u00f3n de la clase: diario de clase, horario, calendario, agenda, plano de la clase &#8230;<\/li>\n<\/ul>\n<h4>Destinatarios<\/h4>\n<ul>\n<li>Profesorado de Infantil, Primaria, Secundaria, Bachillerato y Formaci\u00f3n Profesional.<\/li>\n<\/ul>\n<h4>Duraci\u00f3n<\/h4>\n<ul>\n<li>3 horas.<\/li>\n<\/ul>\n<h4>Formato<\/h4>\n<ul>\n<li style=\"font-weight: 400;\">Taller presencial.<\/li>\n<li style=\"font-weight: 400;\">Taller webinar.<\/li>\n<\/ul>\n<hr \/>\n<div class=\"mg-blog-category\"><a class=\"newsup-categories category-color-1\" href=\"http:\/\/canaltic.com\/blog\/?page_id=3853\">Cat\u00e1logo de formaciones<\/a>\u00a0<a class=\"newsup-categories category-color-1\" href=\"http:\/\/canaltic.com\/blog\/?page_id=3882\">OE \u2013 Organizaci\u00f3n y Evaluaci\u00f3n<\/a> <a class=\"newsup-categories category-color-1\" href=\"#\">OE-06. IDOCEO: aplicaci\u00f3n para el seguimiento tutorial del alumnado<\/a><\/div>\n","protected":false},"excerpt":{"rendered":"<p>Cat\u00e1logo de formaciones\u00a0OE \u2013 Organizaci\u00f3n y Evaluaci\u00f3n OE-06. IDOCEO: aplicaci\u00f3n para el seguimiento tutorial del alumnado Descripci\u00f3n Esta formaci\u00f3n est\u00e1 pensada para iniciar al profesorado en las m\u00faltiples utilidades de la app iDoceo. Se trata de un cuaderno de notas para dispositivos iPad y de una potente y completa herramienta de seguimiento acad\u00e9mico de nuestro [&hellip;]<\/p>\n","protected":false},"author":1,"featured_media":0,"parent":3882,"menu_order":0,"comment_status":"closed","ping_status":"closed","template":"","meta":{"footnotes":""},"class_list":["post-4586","page","type-page","status-publish","hentry"],"_links":{"self":[{"href":"https:\/\/canaltic.com\/blog\/index.php?rest_route=\/wp\/v2\/pages\/4586","targetHints":{"allow":["GET"]}}],"collection":[{"href":"https:\/\/canaltic.com\/blog\/index.php?rest_route=\/wp\/v2\/pages"}],"about":[{"href":"https:\/\/canaltic.com\/blog\/index.php?rest_route=\/wp\/v2\/types\/page"}],"author":[{"embeddable":true,"href":"https:\/\/canaltic.com\/blog\/index.php?rest_route=\/wp\/v2\/users\/1"}],"replies":[{"embeddable":true,"href":"https:\/\/canaltic.com\/blog\/index.php?rest_route=%2Fwp%2Fv2%2Fcomments&post=4586"}],"version-history":[{"count":1,"href":"https:\/\/canaltic.com\/blog\/index.php?rest_route=\/wp\/v2\/pages\/4586\/revisions"}],"predecessor-version":[{"id":4588,"href":"https:\/\/canaltic.com\/blog\/index.php?rest_route=\/wp\/v2\/pages\/4586\/revisions\/4588"}],"up":[{"embeddable":true,"href":"https:\/\/canaltic.com\/blog\/index.php?rest_route=\/wp\/v2\/pages\/3882"}],"wp:attachment":[{"href":"https:\/\/canaltic.com\/blog\/index.php?rest_route=%2Fwp%2Fv2%2Fmedia&parent=4586"}],"curies":[{"name":"wp","href":"https:\/\/api.w.org\/{rel}","templated":true}]}}