{"id":4229,"date":"2020-08-08T10:30:21","date_gmt":"2020-08-08T09:30:21","guid":{"rendered":"http:\/\/canaltic.com\/blog\/?page_id=4229"},"modified":"2020-08-13T08:22:22","modified_gmt":"2020-08-13T07:22:22","slug":"he-08-linux-es-facil","status":"publish","type":"page","link":"https:\/\/canaltic.com\/blog\/?page_id=4229","title":{"rendered":"HE-08. Linux es f\u00e1cil"},"content":{"rendered":"<div class=\"mg-blog-category\"><a class=\"newsup-categories category-color-1\" href=\"http:\/\/canaltic.com\/blog\/?page_id=3853\">Cat\u00e1logo de formaciones<\/a>\u00a0<a class=\"newsup-categories category-color-1\" href=\"http:\/\/canaltic.com\/blog\/?page_id=3870\">HE &#8211; Hardware Educativo<\/a> <a class=\"newsup-categories category-color-1\" href=\"#\">HE-08. Linux es f\u00e1cil<\/a><\/div>\n<hr \/>\n<p><img loading=\"lazy\" decoding=\"async\" class=\"alignnone size-full wp-image-4230\" src=\"http:\/\/canaltic.com\/blog\/wp-content\/uploads\/2020\/08\/he08.jpg\" alt=\"\" width=\"720\" height=\"340\" srcset=\"https:\/\/canaltic.com\/blog\/wp-content\/uploads\/2020\/08\/he08.jpg 720w, https:\/\/canaltic.com\/blog\/wp-content\/uploads\/2020\/08\/he08-300x142.jpg 300w\" sizes=\"auto, (max-width: 720px) 100vw, 720px\" \/><\/p>\n<h4>Descripci\u00f3n<\/h4>\n<p><b>Ubuntu <\/b><span style=\"font-weight: 400;\">es una de la distribuciones de Linux que m\u00e1s se ha popularizado en estos \u00faltimos a\u00f1os. En esta sesi\u00f3n se propone una iniciaci\u00f3n a su uso en un contexto educativo. Se trata de desmitificar su uso y descubrir sus m\u00faltiples posibilidades. Ubuntu es una interesante opci\u00f3n por su facilidad de manejo a trav\u00e9s de un atractivo escritorio visual, actualizaciones frecuentes, facilidad de instalaci\u00f3n, software disponible con infinidad de programas\u00a0 y sobre todo por tratarse de software libre de uso y distribuci\u00f3n tanto en equipos nuevos como reciclados. Muchas de las distribuciones personalizadas que ofrecen algunas Comunidades Aut\u00f3nomas (Guadalinex, Meduxa, Max \u2026) se basan en Ubuntu. Ofrecer formaci\u00f3n al profesorado y alumnado contacto con distintos sistemas operativos ampl\u00eda su competencia digital haciendola m\u00e1s rica y flexible.\u00a0<\/span><\/p>\n<h4>Objetivos<\/h4>\n<ol>\n<li>Familiarizarse con el sistema Ubuntu descubriendo los fundamentos de su manejo b\u00e1sico: escritorio, lanzar e instalar aplicaciones, configuraci\u00f3n de opciones, etc.<\/li>\n<li>Valorar las ventajas de Ubuntu Linux como sistema operativo alternativo con libertad de uso-distribuci\u00f3n y un denso cat\u00e1logo de software disponible.<\/li>\n<\/ol>\n<h4>Contenidos<\/h4>\n<ul>\n<li>Qu\u00e9 es Ubuntu. Caracter\u00edsticas. Descarga e instalaci\u00f3n.<\/li>\n<li>Primeros pasos con Ubuntu: modificar fecha-hora-zona horaria, usar ventanas y \u00e1rea de trabajo, conectarse a Internet, lanzar aplicaciones, b\u00fasqueda, navegar por la web y cambiar entre tareas.<\/li>\n<li>Interfaz de usuario de Ubuntu: vista actividades, men\u00fa de aplicaciones, reloj-calendario, men\u00fa del sistema, bloqueo de pantalla, lista de ventanas, cerrar sesi\u00f3n-apagar-cambiar de usuario.<\/li>\n<li>Gesti\u00f3n de archivos. Instalar o eliminar software. Configuraci\u00f3n del sistema. Trucos y consejos.<\/li>\n<li>Cat\u00e1logo de programas recomendados para su uso educativo en el aula.<\/li>\n<\/ul>\n<h4>Destinatarios<\/h4>\n<ul>\n<li><span style=\"font-weight: 400;\">Profesorado de Infantil, Primaria, Secundaria, Bachillerato y Formaci\u00f3n Profesional.<\/span><\/li>\n<\/ul>\n<h4>Duraci\u00f3n<\/h4>\n<ul>\n<li>3 horas.<\/li>\n<\/ul>\n<h4>Formato<\/h4>\n<ul>\n<li>Taller presencial.<\/li>\n<li>Taller webinar.<\/li>\n<\/ul>\n<hr \/>\n<div class=\"mg-blog-category\"><a class=\"newsup-categories category-color-1\" href=\"http:\/\/canaltic.com\/blog\/?page_id=3853\">Cat\u00e1logo de formaciones<\/a>\u00a0<a class=\"newsup-categories category-color-1\" href=\"http:\/\/canaltic.com\/blog\/?page_id=3870\">HE &#8211; Hardware Educativo<\/a> <a class=\"newsup-categories category-color-1\" href=\"#\">HE-08. Linux es f\u00e1cil<\/a><\/div>\n","protected":false},"excerpt":{"rendered":"<p>Cat\u00e1logo de formaciones\u00a0HE &#8211; Hardware Educativo HE-08. Linux es f\u00e1cil Descripci\u00f3n Ubuntu es una de la distribuciones de Linux que m\u00e1s se ha popularizado en estos \u00faltimos a\u00f1os. En esta sesi\u00f3n se propone una iniciaci\u00f3n a su uso en un contexto educativo. Se trata de desmitificar su uso y descubrir sus m\u00faltiples posibilidades. Ubuntu es [&hellip;]<\/p>\n","protected":false},"author":1,"featured_media":0,"parent":3870,"menu_order":0,"comment_status":"closed","ping_status":"closed","template":"","meta":{"footnotes":""},"class_list":["post-4229","page","type-page","status-publish","hentry"],"_links":{"self":[{"href":"https:\/\/canaltic.com\/blog\/index.php?rest_route=\/wp\/v2\/pages\/4229","targetHints":{"allow":["GET"]}}],"collection":[{"href":"https:\/\/canaltic.com\/blog\/index.php?rest_route=\/wp\/v2\/pages"}],"about":[{"href":"https:\/\/canaltic.com\/blog\/index.php?rest_route=\/wp\/v2\/types\/page"}],"author":[{"embeddable":true,"href":"https:\/\/canaltic.com\/blog\/index.php?rest_route=\/wp\/v2\/users\/1"}],"replies":[{"embeddable":true,"href":"https:\/\/canaltic.com\/blog\/index.php?rest_route=%2Fwp%2Fv2%2Fcomments&post=4229"}],"version-history":[{"count":3,"href":"https:\/\/canaltic.com\/blog\/index.php?rest_route=\/wp\/v2\/pages\/4229\/revisions"}],"predecessor-version":[{"id":4521,"href":"https:\/\/canaltic.com\/blog\/index.php?rest_route=\/wp\/v2\/pages\/4229\/revisions\/4521"}],"up":[{"embeddable":true,"href":"https:\/\/canaltic.com\/blog\/index.php?rest_route=\/wp\/v2\/pages\/3870"}],"wp:attachment":[{"href":"https:\/\/canaltic.com\/blog\/index.php?rest_route=%2Fwp%2Fv2%2Fmedia&parent=4229"}],"curies":[{"name":"wp","href":"https:\/\/api.w.org\/{rel}","templated":true}]}}