{"id":4156,"date":"2020-08-05T22:27:02","date_gmt":"2020-08-05T21:27:02","guid":{"rendered":"http:\/\/canaltic.com\/blog\/?page_id=4156"},"modified":"2020-08-13T07:28:10","modified_gmt":"2020-08-13T06:28:10","slug":"dw-08-la-web-del-centro-educativo-diseno-organizacion-y-gestion","status":"publish","type":"page","link":"https:\/\/canaltic.com\/blog\/?page_id=4156","title":{"rendered":"DW-08. La web del centro educativo: dise\u00f1o, organizaci\u00f3n y gesti\u00f3n"},"content":{"rendered":"<div class=\"mg-blog-category\"><a class=\"newsup-categories category-color-1\" href=\"http:\/\/canaltic.com\/blog\/?page_id=3853\">Cat\u00e1logo de formaciones<\/a>\u00a0<a class=\"newsup-categories category-color-1\" href=\"http:\/\/canaltic.com\/blog\/?page_id=3866\">DW &#8211; Dise\u00f1o web<\/a> <a class=\"newsup-categories category-color-1\" href=\"#\">DW-08. La web del centro educativo: dise\u00f1o, organizaci\u00f3n y gesti\u00f3n<\/a><\/div>\n<hr \/>\n<p><img loading=\"lazy\" decoding=\"async\" class=\"alignnone size-full wp-image-4157\" src=\"http:\/\/canaltic.com\/blog\/wp-content\/uploads\/2020\/08\/dw08.jpg\" alt=\"\" width=\"720\" height=\"340\" srcset=\"https:\/\/canaltic.com\/blog\/wp-content\/uploads\/2020\/08\/dw08.jpg 720w, https:\/\/canaltic.com\/blog\/wp-content\/uploads\/2020\/08\/dw08-300x142.jpg 300w\" sizes=\"auto, (max-width: 720px) 100vw, 720px\" \/><\/p>\n<h4>Descripci\u00f3n<\/h4>\n<p>La website de un centro educativo es un excelente escaparate para la difusi\u00f3n de las actividades acad\u00e9micas que de otra forma no se podr\u00edan compartir con las familias. Por otra parte pueden ser un punto de ineludible referencia que proporciona acceso directo a informaci\u00f3n y servicios web \u00fatiles para alumnado, profesorado y familias. En esta sesi\u00f3n se propone una reflexi\u00f3n sobre los factores de calidad que deben reunir la web de un centro educativo.<\/p>\n<h4>Objetivos<\/h4>\n<ol>\n<li>Tomar conciencia de la importancia para el centro educativo de tener un buen sitio web.<\/li>\n<li>Orientar su estructura y contenido hacia los distintos perfiles de los visitantes: alumnado, familias \u2026<\/li>\n<li>Valorar la usabilidad, navegabilidad y accesibilidad como criterios de calidad de un sitio web.<\/li>\n<li>Reflexionar sobre los aspectos m\u00e1s relevantes de su estructura de dise\u00f1o y gesti\u00f3n.<\/li>\n<\/ol>\n<h4>Contenidos<\/h4>\n<ul>\n<li>Importancia de la web del centro.<\/li>\n<li>Ideas para la gesti\u00f3n de la website del centro.<\/li>\n<li>Propuesta de un blog como web del centro.<\/li>\n<li>Navegabilidad, usabilidad y accesibilidad.<\/li>\n<li>Gu\u00eda de estilo<\/li>\n<li>Aspectos legales.<\/li>\n<li>Actividad por equipos.<\/li>\n<li>Conclusiones y puesta en com\u00fan.<\/li>\n<\/ul>\n<h4>Destinatarios<\/h4>\n<ul>\n<li><span style=\"font-weight: 400;\">Profesorado de Infantil, Primaria, Secundaria, Bachillerato y Formaci\u00f3n Profesional.<\/span><\/li>\n<\/ul>\n<h4>Duraci\u00f3n<\/h4>\n<ul>\n<li>3 horas.<\/li>\n<\/ul>\n<h4>Formato<\/h4>\n<ul>\n<li>Taller presencial.<\/li>\n<li>Taller webinar.<\/li>\n<\/ul>\n<div class=\"mg-blog-category\"><a class=\"newsup-categories category-color-1\" href=\"http:\/\/canaltic.com\/blog\/?page_id=3853\">Cat\u00e1logo de formaciones<\/a>\u00a0<a class=\"newsup-categories category-color-1\" href=\"http:\/\/canaltic.com\/blog\/?page_id=3866\">DW &#8211; Dise\u00f1o web<\/a> <a class=\"newsup-categories category-color-1\" href=\"#\">DW-08. La web del centro educativo: dise\u00f1o, organizaci\u00f3n y gesti\u00f3n<\/a><\/div>\n<hr \/>\n","protected":false},"excerpt":{"rendered":"<p>Cat\u00e1logo de formaciones\u00a0DW &#8211; Dise\u00f1o web DW-08. La web del centro educativo: dise\u00f1o, organizaci\u00f3n y gesti\u00f3n Descripci\u00f3n La website de un centro educativo es un excelente escaparate para la difusi\u00f3n de las actividades acad\u00e9micas que de otra forma no se podr\u00edan compartir con las familias. Por otra parte pueden ser un punto de ineludible referencia [&hellip;]<\/p>\n","protected":false},"author":1,"featured_media":0,"parent":3866,"menu_order":0,"comment_status":"closed","ping_status":"closed","template":"","meta":{"footnotes":""},"class_list":["post-4156","page","type-page","status-publish","hentry"],"_links":{"self":[{"href":"https:\/\/canaltic.com\/blog\/index.php?rest_route=\/wp\/v2\/pages\/4156","targetHints":{"allow":["GET"]}}],"collection":[{"href":"https:\/\/canaltic.com\/blog\/index.php?rest_route=\/wp\/v2\/pages"}],"about":[{"href":"https:\/\/canaltic.com\/blog\/index.php?rest_route=\/wp\/v2\/types\/page"}],"author":[{"embeddable":true,"href":"https:\/\/canaltic.com\/blog\/index.php?rest_route=\/wp\/v2\/users\/1"}],"replies":[{"embeddable":true,"href":"https:\/\/canaltic.com\/blog\/index.php?rest_route=%2Fwp%2Fv2%2Fcomments&post=4156"}],"version-history":[{"count":2,"href":"https:\/\/canaltic.com\/blog\/index.php?rest_route=\/wp\/v2\/pages\/4156\/revisions"}],"predecessor-version":[{"id":4498,"href":"https:\/\/canaltic.com\/blog\/index.php?rest_route=\/wp\/v2\/pages\/4156\/revisions\/4498"}],"up":[{"embeddable":true,"href":"https:\/\/canaltic.com\/blog\/index.php?rest_route=\/wp\/v2\/pages\/3866"}],"wp:attachment":[{"href":"https:\/\/canaltic.com\/blog\/index.php?rest_route=%2Fwp%2Fv2%2Fmedia&parent=4156"}],"curies":[{"name":"wp","href":"https:\/\/api.w.org\/{rel}","templated":true}]}}